{"id":4142,"date":"2026-08-30T12:29:42","date_gmt":"2026-08-30T09:29:42","guid":{"rendered":"https:\/\/vaylafestival.com\/fi\/?page_id=4142"},"modified":"2026-08-30T12:44:10","modified_gmt":"2026-08-30T09:44:10","slug":"taiteilijat","status":"publish","type":"page","link":"https:\/\/vaylafestival.com\/fi\/taiteilijat\/","title":{"rendered":"Taiteilijat"},"content":{"rendered":"\n<p class=\"wp-block-paragraph\"><em>Pianistit Tunturissa 30-vuotisjuhlakiertue taiteilijat esiintyv\u00e4t 13.\u201320.9.2026 Saarisel\u00e4ll\u00e4, Sodankyl\u00e4ss\u00e4, Pajalassa, Pellossa, Muonion K\u00e4tk\u00e4suvannossa ja \u00c4k\u00e4slompolossa.<\/em><\/p>\n\n\n\n<div class=\"wp-block-columns is-layout-flex wp-container-core-columns-is-layout-8f761849 wp-block-columns-is-layout-flex\">\n<div class=\"wp-block-column is-layout-flow wp-block-column-is-layout-flow\">\n<figure class=\"wp-block-image size-full\"><a href=\"https:\/\/vaylafestival.com\/fi\/samuel-eriksson\/\"><img loading=\"lazy\" decoding=\"async\" width=\"800\" height=\"800\" src=\"https:\/\/vaylafestival.com\/fi\/wp-content\/uploads\/2026\/08\/3-2.png\" alt=\"\" class=\"wp-image-4176\" srcset=\"https:\/\/vaylafestival.com\/fi\/wp-content\/uploads\/2026\/08\/3-2.png 800w, https:\/\/vaylafestival.com\/fi\/wp-content\/uploads\/2026\/08\/3-2-300x300.png 300w, https:\/\/vaylafestival.com\/fi\/wp-content\/uploads\/2026\/08\/3-2-150x150.png 150w, https:\/\/vaylafestival.com\/fi\/wp-content\/uploads\/2026\/08\/3-2-768x768.png 768w\" sizes=\"auto, (max-width: 800px) 100vw, 800px\" \/><\/a><\/figure>\n<\/div>\n\n\n\n<div class=\"wp-block-column is-layout-flow wp-block-column-is-layout-flow\">\n<figure class=\"wp-block-image size-full\"><a href=\"https:\/\/vaylafestival.com\/fi\/paavali-jumppanen\/\"><img loading=\"lazy\" decoding=\"async\" width=\"750\" height=\"750\" src=\"https:\/\/vaylafestival.com\/fi\/wp-content\/uploads\/2026\/08\/4-e1788081743714.png\" alt=\"\" class=\"wp-image-4152\"\/><\/a><\/figure>\n<\/div>\n\n\n\n<div class=\"wp-block-column is-layout-flow wp-block-column-is-layout-flow\">\n<figure class=\"wp-block-image size-full\"><a href=\"https:\/\/vaylafestival.com\/fi\/inara-duo\/\"><img loading=\"lazy\" decoding=\"async\" width=\"800\" height=\"800\" src=\"https:\/\/vaylafestival.com\/fi\/wp-content\/uploads\/2026\/08\/2-1.png\" alt=\"\" class=\"wp-image-4154\" srcset=\"https:\/\/vaylafestival.com\/fi\/wp-content\/uploads\/2026\/08\/2-1.png 800w, https:\/\/vaylafestival.com\/fi\/wp-content\/uploads\/2026\/08\/2-1-300x300.png 300w, https:\/\/vaylafestival.com\/fi\/wp-content\/uploads\/2026\/08\/2-1-150x150.png 150w, https:\/\/vaylafestival.com\/fi\/wp-content\/uploads\/2026\/08\/2-1-768x768.png 768w\" sizes=\"auto, (max-width: 800px) 100vw, 800px\" \/><\/a><\/figure>\n<\/div>\n<\/div>\n","protected":false},"excerpt":{"rendered":"<p>Pianistit Tunturissa 30-vuotisjuhlakiertue taiteilijat esiintyv\u00e4t 13.\u201320.9.2026 Saarisel\u00e4ll\u00e4, Sodankyl\u00e4ss\u00e4, Pajalassa, Pellossa, Muonion K\u00e4tk\u00e4suvannossa ja \u00c4k\u00e4slompolossa.<\/p>\n","protected":false},"author":1,"featured_media":0,"parent":0,"menu_order":0,"comment_status":"closed","ping_status":"closed","template":"","meta":{"footnotes":""},"class_list":["post-4142","page","type-page","status-publish","hentry"],"_links":{"self":[{"href":"https:\/\/vaylafestival.com\/fi\/wp-json\/wp\/v2\/pages\/4142","targetHints":{"allow":["GET"]}}],"collection":[{"href":"https:\/\/vaylafestival.com\/fi\/wp-json\/wp\/v2\/pages"}],"about":[{"href":"https:\/\/vaylafestival.com\/fi\/wp-json\/wp\/v2\/types\/page"}],"author":[{"embeddable":true,"href":"https:\/\/vaylafestival.com\/fi\/wp-json\/wp\/v2\/users\/1"}],"replies":[{"embeddable":true,"href":"https:\/\/vaylafestival.com\/fi\/wp-json\/wp\/v2\/comments?post=4142"}],"version-history":[{"count":7,"href":"https:\/\/vaylafestival.com\/fi\/wp-json\/wp\/v2\/pages\/4142\/revisions"}],"predecessor-version":[{"id":4180,"href":"https:\/\/vaylafestival.com\/fi\/wp-json\/wp\/v2\/pages\/4142\/revisions\/4180"}],"wp:attachment":[{"href":"https:\/\/vaylafestival.com\/fi\/wp-json\/wp\/v2\/media?parent=4142"}],"curies":[{"name":"wp","href":"https:\/\/api.w.org\/{rel}","templated":true}]}}

<p class="wp-block-paragraph"><em>Pianistit Tunturissa 30-vuotisjuhlakiertue taiteilijat esiintyvät 13.–20.9.2026 Saariselällä, Sodankylässä, Pajalassa, Pellossa, Muonion Kätkäsuvannossa ja Äkäslompolossa.</em></p>



<div class="wp-block-columns is-layout-flex wp-container-core-columns-is-layout-8f761849 wp-block-columns-is-layout-flex">
<div class="wp-block-column is-layout-flow wp-block-column-is-layout-flow">
<figure class="wp-block-image size-full"><a href="https://vaylafestival.com/fi/samuel-eriksson/"><img loading="lazy" decoding="async" width="800" height="800" src="https://vaylafestival.com/fi/wp-content/uploads/2026/08/3-2.png" alt="" class="wp-image-4176" srcset="https://vaylafestival.com/fi/wp-content/uploads/2026/08/3-2.png 800w, https://vaylafestival.com/fi/wp-content/uploads/2026/08/3-2-300x300.png 300w, https://vaylafestival.com/fi/wp-content/uploads/2026/08/3-2-150x150.png 150w, https://vaylafestival.com/fi/wp-content/uploads/2026/08/3-2-768x768.png 768w" sizes="auto, (max-width: 800px) 100vw, 800px" /></a></figure>
</div>



<div class="wp-block-column is-layout-flow wp-block-column-is-layout-flow">
<figure class="wp-block-image size-full"><a href="https://vaylafestival.com/fi/paavali-jumppanen/"><img loading="lazy" decoding="async" width="750" height="750" src="https://vaylafestival.com/fi/wp-content/uploads/2026/08/4-e1788081743714.png" alt="" class="wp-image-4152"/></a></figure>
</div>



<div class="wp-block-column is-layout-flow wp-block-column-is-layout-flow">
<figure class="wp-block-image size-full"><a href="https://vaylafestival.com/fi/inara-duo/"><img loading="lazy" decoding="async" width="800" height="800" src="https://vaylafestival.com/fi/wp-content/uploads/2026/08/2-1.png" alt="" class="wp-image-4154" srcset="https://vaylafestival.com/fi/wp-content/uploads/2026/08/2-1.png 800w, https://vaylafestival.com/fi/wp-content/uploads/2026/08/2-1-300x300.png 300w, https://vaylafestival.com/fi/wp-content/uploads/2026/08/2-1-150x150.png 150w, https://vaylafestival.com/fi/wp-content/uploads/2026/08/2-1-768x768.png 768w" sizes="auto, (max-width: 800px) 100vw, 800px" /></a></figure>
</div>
</div>

<p>Pianistit Tunturissa 30-vuotisjuhlakiertue taiteilijat esiintyvät 13.–20.9.2026 Saariselällä, Sodankylässä, Pajalassa, Pellossa, Muonion Kätkäsuvannossa ja Äkäslompolossa.</p>
